{"id":69,"date":"2024-07-03T11:03:38","date_gmt":"2024-07-03T09:03:38","guid":{"rendered":"https:\/\/web.penta-pco.com\/hdio-2024\/?page_id=69"},"modified":"2024-07-03T11:03:38","modified_gmt":"2024-07-03T09:03:38","slug":"teme","status":"publish","type":"page","link":"https:\/\/web.penta-pco.com\/hdio-2024\/teme\/","title":{"rendered":"Teme"},"content":{"rendered":"\n<ul class=\"wp-block-list\">\n<li>Novi podaci o pojavnosti i smrtnosti od zlo\u0107udih bolesti u RH i kakav je trend<\/li>\n\n\n\n<li>Novosti i kontroverze u lije\u010denju bolesnika s\n<ul class=\"wp-block-list\">\n<li>rakom plu\u0107a<\/li>\n\n\n\n<li>rakom dojke<\/li>\n\n\n\n<li>tumorima probavnih organa<\/li>\n\n\n\n<li>urogenitalnim tumorima<\/li>\n\n\n\n<li>mezenhimalnim i rijetkim tumorima<\/li>\n\n\n\n<li>melanomom<\/li>\n\n\n\n<li>tumorima sredi\u0161njeg \u017eiv\u010danog sustava, glave i vrata<\/li>\n\n\n\n<li>ginekolo\u0161kim tumorima<\/li>\n<\/ul>\n<\/li>\n\n\n\n<li>Potporno i palijativno lije\u010denje \u2013 sveobuhvatna skrb o onkolo\u0161kom bolesniku<\/li>\n\n\n\n<li>Mogu\u0107nosti i zna\u010daj genskog profiliranja tumora<\/li>\n\n\n\n<li>Precizna onkologija<\/li>\n\n\n\n<li>Informati\u010dka podr\u0161ka i pra\u0107enje ishoda lije\u010denja<\/li>\n\n\n\n<li>Novosti s ASCO i ESMO 2024., te drugih me\u0111unarodnih skupova koji imaju utjecaj na na\u0161u klini\u010dku praksu<\/li>\n<\/ul>\n","protected":false},"excerpt":{"rendered":"","protected":false},"author":1,"featured_media":0,"parent":0,"menu_order":0,"comment_status":"closed","ping_status":"closed","template":"","meta":{"footnotes":""},"class_list":["post-69","page","type-page","status-publish","hentry"],"_links":{"self":[{"href":"https:\/\/web.penta-pco.com\/hdio-2024\/wp-json\/wp\/v2\/pages\/69","targetHints":{"allow":["GET"]}}],"collection":[{"href":"https:\/\/web.penta-pco.com\/hdio-2024\/wp-json\/wp\/v2\/pages"}],"about":[{"href":"https:\/\/web.penta-pco.com\/hdio-2024\/wp-json\/wp\/v2\/types\/page"}],"author":[{"embeddable":true,"href":"https:\/\/web.penta-pco.com\/hdio-2024\/wp-json\/wp\/v2\/users\/1"}],"replies":[{"embeddable":true,"href":"https:\/\/web.penta-pco.com\/hdio-2024\/wp-json\/wp\/v2\/comments?post=69"}],"version-history":[{"count":1,"href":"https:\/\/web.penta-pco.com\/hdio-2024\/wp-json\/wp\/v2\/pages\/69\/revisions"}],"predecessor-version":[{"id":70,"href":"https:\/\/web.penta-pco.com\/hdio-2024\/wp-json\/wp\/v2\/pages\/69\/revisions\/70"}],"wp:attachment":[{"href":"https:\/\/web.penta-pco.com\/hdio-2024\/wp-json\/wp\/v2\/media?parent=69"}],"curies":[{"name":"wp","href":"https:\/\/api.w.org\/{rel}","templated":true}]}}