{"id":81,"date":"2024-07-03T11:17:29","date_gmt":"2024-07-03T09:17:29","guid":{"rendered":"https:\/\/web.penta-pco.com\/hdio-2024\/?page_id=81"},"modified":"2024-07-17T08:26:03","modified_gmt":"2024-07-17T06:26:03","slug":"smjestaj","status":"publish","type":"page","link":"https:\/\/web.penta-pco.com\/hdio-2024\/smjestaj\/","title":{"rendered":"Smje\u0161taj"},"content":{"rendered":"\n<h2 class=\"wp-block-heading has-large-font-size\">Hotel Lone Rovinj<\/h2>\n\n\n\n<p>&nbsp;Adresa: Ul. Luje Adamovi\u0107a 31, 52210, Rovinj<br>Kategorija hotela: Kongresni hotel (Hotel Congress)<br>Termin boravka: 10. \u2013 13.10.2024.<\/p>\n\n\n\n<h3 class=\"wp-block-heading has-small-font-size\">Cijena po sobi i no\u0107enju&nbsp;<\/h3>\n\n\n\n<ul class=\"wp-block-list\">\n<li>Jednokrevetna soba 210 EUR&nbsp;<\/li>\n\n\n\n<li>Dvokrevetna soba 230 EUR&nbsp;<\/li>\n<\/ul>\n\n\n\n<p><\/p>\n\n\n\n<h2 class=\"wp-block-heading has-large-font-size\">Hotel Eden, Rovinj&nbsp;<\/h2>\n\n\n\n<div class=\"wp-block-group is-vertical is-layout-flex wp-container-core-group-is-layout-fe9cc265 wp-block-group-is-layout-flex\">\n<p>Adresa: Ul. Luje Adamovi\u0107a 33, 52210, Rovinj<br>Kategorija hotela: 4*<br>Termin boravka: 10. \u2013 13.10.2024.<\/p>\n<\/div>\n\n\n\n<h3 class=\"wp-block-heading has-small-font-size\">Cijena po sobi i no\u0107enju&nbsp;<\/h3>\n\n\n\n<ul class=\"wp-block-list\">\n<li>Jednokrevetna soba 130 EUR&nbsp;<\/li>\n\n\n\n<li>Dvokrevetna soba 145 EUR&nbsp;<\/li>\n<\/ul>\n\n\n\n<h2 class=\"wp-block-heading has-large-font-size\">Cijene uklju\u010duju<\/h2>\n\n\n\n<p>Smje\u0161taj u odabranom hotelu na bazi 1 no\u0107enja s doru\u010dkom, boravi\u0161nu pristojbu, Internet, parking, PDV.&nbsp;<\/p>\n\n\n\n<h2 class=\"wp-block-heading has-large-font-size\">Uvjeti za rezervacije smje\u0161taja<\/h2>\n\n\n\n<ul class=\"wp-block-list\">\n<li>Sve promjene i otkaz rezervacija potrebno je prijaviti pisanim putem, na email adresu tehni\u010dkog organizatora <a href=\"mailto:hdio@penta-zagreb.hr\"><span style=\"display:inline;unicode-bidi:bidi-override;direction:rtl;\" class=\"\">rh.bergaz-atnep<span style=\"display:none;\">obfsctd-4190bb<\/span>&#64;oidh<\/span><\/a><\/li>\n\n\n\n<li>Promjene i otkaz rezervacija mogu\u0107e su do 9.9.2024. bez tro\u0161kova<\/li>\n\n\n\n<li>Za promjene imena gostiju od 10.9.2024. tro\u0161ak promjene iznosi 20 EUR po rezervaciji<\/li>\n\n\n\n<li>Za rezervacije otkazane od 10.9. do 10.10.2024. kao i kasniji dolazak, raniji odlazak ili no show, tro\u0161kovi iznose 100% cijene smje\u0161taja<\/li>\n<\/ul>\n","protected":false},"excerpt":{"rendered":"<p>Hotel Lone Rovinj &nbsp;Adresa: Ul. Luje Adamovi\u0107a 31, 52210, RovinjKategorija hotela: Kongresni hotel (Hotel Congress)Termin boravka: 10. \u2013 13.10.2024. Cijena po sobi i no\u0107enju&nbsp; Hotel Eden, Rovinj&nbsp; Adresa: Ul. Luje Adamovi\u0107a 33, 52210, RovinjKategorija hotela: 4*Termin boravka: 10. \u2013 13.10.2024. Cijena po sobi i no\u0107enju&nbsp; Cijene uklju\u010duju Smje\u0161taj u odabranom hotelu na bazi 1 no\u0107enja [&hellip;]<\/p>\n","protected":false},"author":1,"featured_media":0,"parent":0,"menu_order":0,"comment_status":"closed","ping_status":"closed","template":"","meta":{"footnotes":""},"class_list":["post-81","page","type-page","status-publish","hentry"],"_links":{"self":[{"href":"https:\/\/web.penta-pco.com\/hdio-2024\/wp-json\/wp\/v2\/pages\/81","targetHints":{"allow":["GET"]}}],"collection":[{"href":"https:\/\/web.penta-pco.com\/hdio-2024\/wp-json\/wp\/v2\/pages"}],"about":[{"href":"https:\/\/web.penta-pco.com\/hdio-2024\/wp-json\/wp\/v2\/types\/page"}],"author":[{"embeddable":true,"href":"https:\/\/web.penta-pco.com\/hdio-2024\/wp-json\/wp\/v2\/users\/1"}],"replies":[{"embeddable":true,"href":"https:\/\/web.penta-pco.com\/hdio-2024\/wp-json\/wp\/v2\/comments?post=81"}],"version-history":[{"count":7,"href":"https:\/\/web.penta-pco.com\/hdio-2024\/wp-json\/wp\/v2\/pages\/81\/revisions"}],"predecessor-version":[{"id":133,"href":"https:\/\/web.penta-pco.com\/hdio-2024\/wp-json\/wp\/v2\/pages\/81\/revisions\/133"}],"wp:attachment":[{"href":"https:\/\/web.penta-pco.com\/hdio-2024\/wp-json\/wp\/v2\/media?parent=81"}],"curies":[{"name":"wp","href":"https:\/\/api.w.org\/{rel}","templated":true}]}}