{"id":91,"date":"2023-04-20T14:37:19","date_gmt":"2023-04-20T12:37:19","guid":{"rendered":"https:\/\/web.penta-pco.com\/men-have-it-too\/?page_id=91"},"modified":"2023-09-20T16:39:20","modified_gmt":"2023-09-20T14:39:20","slug":"sazeci","status":"publish","type":"page","link":"https:\/\/web.penta-pco.com\/men-have-it-too\/sazeci\/","title":{"rendered":"Sa\u017eeci"},"content":{"rendered":"\n<p>Online predaja sa\u017eetaka je otvorena.<\/p>\n\n\n\n<p>Sa\u017eetke je mogu\u0107e prijaviti bez registracije na kongres.<\/p>\n\n\n\n<h2 class=\"wp-block-heading has-large-font-size\">Prijavi sa\u017eetak<\/h2>\n\n\n\n<p>ROK ZA SLANJE SA\u017dETAKA: 25.9.2023.\u00a0<\/p>\n\n\n\n<p>Napomena: slanje sa\u017eetaka ne podrazumijeva ujedno i prijavu za sudjelovanje na kongresu.<\/p>\n\n\n\n<p><strong>Upute za pisanje sa\u017eetaka:<\/strong><\/p>\n\n\n\n<ul class=\"wp-block-list\">\n<li>opseg sa\u017eetka: max 400 rije\u010di<\/li>\n\n\n\n<li>prezime autora koji \u0107e izlo\u017eiti rad pisati velikim slovima<\/li>\n\n\n\n<li>prezime i inicijal imena autora i koautora pisati bez titula<\/li>\n\n\n\n<li>navesti naziv institucije, grad i dr\u017eavu autora i koautora<\/li>\n\n\n\n<li>navesti e-mail adresu autora<\/li>\n\n\n\n<li>lije\u010dni\u010dki sa\u017eetci trebaju sadr\u017eavati: cilj, metode, rezultate, zaklju\u010dak<\/li>\n\n\n\n<li>za prikaz slu\u010daja: uvod, prikaz slu\u010daja, zaklju\u010dak<\/li>\n\n\n\n<li>sa\u017eetci ne\u0107e biti lektorirani \u2013 za jezi\u010dnu i sadr\u017eajnu ispravnost odgovara autor<\/li>\n<\/ul>\n\n\n\n<p>Svi poslani sa\u017eetci prezentirat \u0107e se u elektronskom obliku (e-posteri) na monitorima u kongresnoj dvorani i na web stranici kongresa.<\/p>\n\n\n\n<p><strong>Upute za pripremu E-postera:<\/strong><\/p>\n\n\n\n<p>Online slanje e-postera biti \u0107e mogu\u0107e tek nakon \u0161to Organizacijski odbor donese odluku o prihva\u0107enim sa\u017eetcima o \u010demu \u0107ete biti pravovremeno obavije\u0161teni.<\/p>\n\n\n\n<p>Svaki e-poster mora biti predan online. Autori koji su ve\u0107 predali svoj sa\u017eetak online moraju se prijaviti na sustav sa svojim korisni\u010dkim imenom i lozinkom. Nakon prijave potrebno je kliknuti na \u201cAbstract submission\u201d. Za svaki prijavljeni sa\u017eetak pojavit \u0107e se gumb \u201cUpload\u201d.<\/p>\n\n\n\n<p>Svaki e-poster mora biti predan od iste osobe (korisni\u010dkog ra\u010duna) koja je predala sa\u017eetak.<\/p>\n\n\n\n<p><strong>Spremanje e-postera u .jpg \/.png formatu:<\/strong><\/p>\n\n\n\n<ul class=\"wp-block-list\">\n<li>dimenzije e-postera moraju biti 1920\u00d71080 piksela (pejza\u017eni format; 16:9)<\/li>\n\n\n\n<li>molimo da ne koristite fontove manje veli\u010dine od 10pt<\/li>\n\n\n\n<li>veli\u010dina datoteke mora biti manja od 20 MB<\/li>\n\n\n\n<li>dozvoljen je samo jedan e-poster po sa\u017eetku<\/li>\n<\/ul>\n\n\n\n<p><strong>Spremanje e-postera izra\u0111enog u PowerPoint-u (Save As .jpg\/.png):<\/strong><\/p>\n\n\n\n<ul class=\"wp-block-list\">\n<li>e-poster mora sadr\u017eavati SAMO JEDAN slide na kojem je prikazan cijeli sadr\u017eaj postera<\/li>\n\n\n\n<li>molimo da ne koristite fontove manje veli\u010dine od 10pt<\/li>\n\n\n\n<li>veli\u010dina datoteke mora biti manja od 20 MB<\/li>\n\n\n\n<li>e-posteri ne smiju sadr\u017eavati audio \/ video zapise ili pokretne slike<\/li>\n\n\n\n<li>dozvoljen je samo jedan e-poster po sa\u017eetku<\/li>\n\n\n\n<li>Kako bi e-poster prilikom spremanja odgovarao potrebnim dimenzijama, ovdje preuzmite prazni predlo\u017eak e-postera.<\/li>\n<\/ul>\n\n\n\n<p>ROK ZA SLANJE E-POSTERA: 01.10.2023.<\/p>\n","protected":false},"excerpt":{"rendered":"<p>Online predaja sa\u017eetaka je otvorena. Sa\u017eetke je mogu\u0107e prijaviti bez registracije na kongres. Prijavi sa\u017eetak ROK ZA SLANJE SA\u017dETAKA: 25.9.2023.\u00a0 Napomena: slanje sa\u017eetaka ne podrazumijeva ujedno i prijavu za sudjelovanje na kongresu. Upute za pisanje sa\u017eetaka: Svi poslani sa\u017eetci prezentirat \u0107e se u elektronskom obliku (e-posteri) na monitorima u kongresnoj dvorani i na web stranici [&hellip;]<\/p>\n","protected":false},"author":1,"featured_media":0,"parent":0,"menu_order":0,"comment_status":"closed","ping_status":"closed","template":"","meta":{"inline_featured_image":false,"footnotes":""},"class_list":["post-91","page","type-page","status-publish","hentry"],"_links":{"self":[{"href":"https:\/\/web.penta-pco.com\/men-have-it-too\/wp-json\/wp\/v2\/pages\/91","targetHints":{"allow":["GET"]}}],"collection":[{"href":"https:\/\/web.penta-pco.com\/men-have-it-too\/wp-json\/wp\/v2\/pages"}],"about":[{"href":"https:\/\/web.penta-pco.com\/men-have-it-too\/wp-json\/wp\/v2\/types\/page"}],"author":[{"embeddable":true,"href":"https:\/\/web.penta-pco.com\/men-have-it-too\/wp-json\/wp\/v2\/users\/1"}],"replies":[{"embeddable":true,"href":"https:\/\/web.penta-pco.com\/men-have-it-too\/wp-json\/wp\/v2\/comments?post=91"}],"version-history":[{"count":5,"href":"https:\/\/web.penta-pco.com\/men-have-it-too\/wp-json\/wp\/v2\/pages\/91\/revisions"}],"predecessor-version":[{"id":264,"href":"https:\/\/web.penta-pco.com\/men-have-it-too\/wp-json\/wp\/v2\/pages\/91\/revisions\/264"}],"wp:attachment":[{"href":"https:\/\/web.penta-pco.com\/men-have-it-too\/wp-json\/wp\/v2\/media?parent=91"}],"curies":[{"name":"wp","href":"https:\/\/api.w.org\/{rel}","templated":true}]}}