{"id":25,"date":"2021-05-04T08:41:11","date_gmt":"2021-05-04T06:41:11","guid":{"rendered":"https:\/\/web.penta-pco.com\/toraks2021\/?page_id=25"},"modified":"2021-06-10T15:11:25","modified_gmt":"2021-06-10T13:11:25","slug":"organizator","status":"publish","type":"page","link":"https:\/\/web.penta-pco.com\/toraks2021\/organizator\/","title":{"rendered":"ORGANIZATOR"},"content":{"rendered":"\t\t<div data-elementor-type=\"wp-page\" data-elementor-id=\"25\" class=\"elementor elementor-25\" data-elementor-settings=\"[]\">\n\t\t\t\t\t\t\t<div class=\"elementor-section-wrap\">\n\t\t\t\t\t\t\t<section class=\"elementor-section elementor-top-section elementor-element elementor-element-7e72c46 elementor-section-full_width elementor-section-stretched elementor-section-height-default elementor-section-height-default\" data-id=\"7e72c46\" data-element_type=\"section\" data-settings=\"{&quot;stretch_section&quot;:&quot;section-stretched&quot;}\">\n\t\t\t\t\t\t<div class=\"elementor-container elementor-column-gap-default\">\n\t\t\t\t\t<div class=\"elementor-column elementor-col-100 elementor-top-column elementor-element elementor-element-7fac794\" data-id=\"7fac794\" data-element_type=\"column\">\n\t\t\t<div class=\"elementor-widget-wrap elementor-element-populated\">\n\t\t\t\t\t\t\t\t<div class=\"elementor-element elementor-element-df49c02 elementor-widget elementor-widget-text-editor\" data-id=\"df49c02\" data-element_type=\"widget\" data-widget_type=\"text-editor.default\">\n\t\t\t\t<div class=\"elementor-widget-container\">\n\t\t\t\t\t\t\t<p><strong>ORGANIZATOR | ORGANIZER:<\/strong><br \/>Hrvatsko torakalno dru\u0161tvo | Croatian Thoracic Society<br \/>www.toraks.hr<\/p><p><strong>ORGANIZACIJSKI ODBOR | ORGANIZING COMMITTEE:<\/strong><\/p><p><strong>PREDSJEDNIK | PRESIDENT:<\/strong><br \/>Miroslav Samar\u017eija<\/p><p><strong>TAJNIK | SECRETARY:<\/strong><br \/>Marko Jakopovi\u0107<\/p><p><strong>\u010cLANOVI | MEMBERS:<\/strong><br \/>Marinko Artukovi\u0107, Zagorka Boras, \u017deljko \u010culina, Sandra Karabati\u0107, Ana He\u0107imovi\u0107, Mateja Jankovi\u0107 Makek, Ante Maru\u0161i\u0107, Sanja Ple\u0161tina, Sanja Popovi\u0107-Grle, Gzim Red\u017eepi,, Alma Ro\u017eman, Silvana Smojver-Je\u017eek, \u017darko Vrbica, Zoran Janevski, Fran Seiwerth, Fe\u0111a D\u017eubur.<\/p><p><strong>ZNANSTVENI ODBOR | SCIENTIFIC COMMITTEE:<\/strong><br \/>Mirna Alebi\u0107, Ljiljana Bulat-Kardum, Irena Godi\u0107, Ivan Gudelj, Vera Katalini\u0107-Jankovi\u0107, Walter Klepetko, Aleksandra Kraljevi\u0107, Ana Ljubas, Ivica Ma\u017eurani\u0107, Bakir Mehi\u0107, Suzana Mladinov, Lada Rumora, Ana Savovi\u0107, Sven Seiwerth, Sanda \u0160krinjari\u0107-Cincar, Igor \u0160tagljar, Neven Tudori\u0107, Eduard Vrdoljak, Tanja Zovko, Nikolino \u017dura<\/p>\t\t\t\t\t\t<\/div>\n\t\t\t\t<\/div>\n\t\t\t\t\t<\/div>\n\t\t<\/div>\n\t\t\t\t\t\t\t<\/div>\n\t\t<\/section>\n\t\t\t\t\t\t<\/div>\n\t\t\t\t\t<\/div>\n\t\t","protected":false},"excerpt":{"rendered":"<p>ORGANIZATOR | ORGANIZER:Hrvatsko torakalno dru\u0161tvo | Croatian Thoracic Societywww.toraks.hr ORGANIZACIJSKI ODBOR | ORGANIZING COMMITTEE: PREDSJEDNIK | PRESIDENT:Miroslav Samar\u017eija TAJNIK | SECRETARY:Marko Jakopovi\u0107 \u010cLANOVI | MEMBERS:Marinko Artukovi\u0107, Zagorka Boras, \u017deljko \u010culina, Sandra Karabati\u0107, Ana He\u0107imovi\u0107, Mateja Jankovi\u0107 Makek, Ante Maru\u0161i\u0107, Sanja Ple\u0161tina, Sanja Popovi\u0107-Grle, Gzim Red\u017eepi,, Alma Ro\u017eman, Silvana Smojver-Je\u017eek, \u017darko Vrbica, Zoran Janevski, Fran Seiwerth, [&hellip;]<\/p>\n","protected":false},"author":1,"featured_media":0,"parent":0,"menu_order":3,"comment_status":"closed","ping_status":"closed","template":"","meta":{"footnotes":""},"class_list":["post-25","page","type-page","status-publish","hentry"],"_links":{"self":[{"href":"https:\/\/web.penta-pco.com\/toraks2021\/wp-json\/wp\/v2\/pages\/25","targetHints":{"allow":["GET"]}}],"collection":[{"href":"https:\/\/web.penta-pco.com\/toraks2021\/wp-json\/wp\/v2\/pages"}],"about":[{"href":"https:\/\/web.penta-pco.com\/toraks2021\/wp-json\/wp\/v2\/types\/page"}],"author":[{"embeddable":true,"href":"https:\/\/web.penta-pco.com\/toraks2021\/wp-json\/wp\/v2\/users\/1"}],"replies":[{"embeddable":true,"href":"https:\/\/web.penta-pco.com\/toraks2021\/wp-json\/wp\/v2\/comments?post=25"}],"version-history":[{"count":33,"href":"https:\/\/web.penta-pco.com\/toraks2021\/wp-json\/wp\/v2\/pages\/25\/revisions"}],"predecessor-version":[{"id":1038,"href":"https:\/\/web.penta-pco.com\/toraks2021\/wp-json\/wp\/v2\/pages\/25\/revisions\/1038"}],"wp:attachment":[{"href":"https:\/\/web.penta-pco.com\/toraks2021\/wp-json\/wp\/v2\/media?parent=25"}],"curies":[{"name":"wp","href":"https:\/\/api.w.org\/{rel}","templated":true}]}}