{"id":402,"date":"2022-05-19T11:36:55","date_gmt":"2022-05-19T09:36:55","guid":{"rendered":"https:\/\/web.penta-pco.com\/toraks2022\/?page_id=402"},"modified":"2022-05-19T11:41:47","modified_gmt":"2022-05-19T09:41:47","slug":"lijecnici","status":"publish","type":"page","link":"https:\/\/web.penta-pco.com\/toraks2022\/program\/lijecnici\/","title":{"rendered":"Program lije\u010dnici"},"content":{"rendered":"\n<div data-wp-interactive=\"core\/file\" class=\"wp-block-file\"><object data-wp-bind--hidden=\"!state.hasPdfPreview\" hidden class=\"wp-block-file__embed\" data=\"https:\/\/web.penta-pco.com\/toraks2022\/wp-content\/uploads\/2022\/05\/Toraks-2022_program_lijecnici.pdf\" type=\"application\/pdf\" style=\"width:100%;height:600px\" aria-label=\"Ugra\u0111eno Ugra\u0111eno Toraks 2022 Program lije\u010dnici..\"><\/object><a id=\"wp-block-file--media-52b790df-1b39-4bf3-9aec-6ba48527852c\" href=\"https:\/\/web.penta-pco.com\/toraks2022\/wp-content\/uploads\/2022\/05\/Toraks-2022_program_lijecnici.pdf\" target=\"_blank\" rel=\"noreferrer noopener\">Toraks 2022 Program lije\u010dnici<\/a><a href=\"https:\/\/web.penta-pco.com\/toraks2022\/wp-content\/uploads\/2022\/05\/Toraks-2022_program_lijecnici.pdf\" class=\"wp-block-file__button\" download aria-describedby=\"wp-block-file--media-52b790df-1b39-4bf3-9aec-6ba48527852c\">Preuzmi<\/a><\/div>\n","protected":false},"excerpt":{"rendered":"","protected":false},"author":1,"featured_media":0,"parent":254,"menu_order":0,"comment_status":"closed","ping_status":"closed","template":"","meta":{"footnotes":""},"class_list":["post-402","page","type-page","status-publish","hentry"],"_links":{"self":[{"href":"https:\/\/web.penta-pco.com\/toraks2022\/wp-json\/wp\/v2\/pages\/402","targetHints":{"allow":["GET"]}}],"collection":[{"href":"https:\/\/web.penta-pco.com\/toraks2022\/wp-json\/wp\/v2\/pages"}],"about":[{"href":"https:\/\/web.penta-pco.com\/toraks2022\/wp-json\/wp\/v2\/types\/page"}],"author":[{"embeddable":true,"href":"https:\/\/web.penta-pco.com\/toraks2022\/wp-json\/wp\/v2\/users\/1"}],"replies":[{"embeddable":true,"href":"https:\/\/web.penta-pco.com\/toraks2022\/wp-json\/wp\/v2\/comments?post=402"}],"version-history":[{"count":4,"href":"https:\/\/web.penta-pco.com\/toraks2022\/wp-json\/wp\/v2\/pages\/402\/revisions"}],"predecessor-version":[{"id":413,"href":"https:\/\/web.penta-pco.com\/toraks2022\/wp-json\/wp\/v2\/pages\/402\/revisions\/413"}],"up":[{"embeddable":true,"href":"https:\/\/web.penta-pco.com\/toraks2022\/wp-json\/wp\/v2\/pages\/254"}],"wp:attachment":[{"href":"https:\/\/web.penta-pco.com\/toraks2022\/wp-json\/wp\/v2\/media?parent=402"}],"curies":[{"name":"wp","href":"https:\/\/api.w.org\/{rel}","templated":true}]}}